, what is 4012 + 31?
4043
In base 3, what is -1100222 + -11002121?
-12110120
In base 13, what is -a3 - 99b?
-a71
In base 16, what is 130 + -4c80?
-4b50
In base 15, what is 83c2 + -1?
83c1
In base 13, what is 48030 + -b?
48022
In base 6, what is 4 - 520132?
-520124
In base 9, what is 10 - 10505?
-10485
In base 4, what is 10101 + 203130?
213231
In base 5, what is 4222430 - 4?
4222421
In base 16, what is -a + -6d2?
-6dc
In base 13, what is -11c + a00?
8b1
In base 4, what is -121013 - -21322?
-33031
In base 12, what is -1054b2 - -5?
-1054a9
In base 7, what is 21 - 2060010?
-2056656
In base 2, what is -101011101000111 + -1010?
-101011101010001
In base 8, what is -41 - 2750?
-3011
In base 10, what is 145156 + -2?
145154
In base 5, what is 111 + -21042?
-20431
In base 15, what is -19 - -1593?
1579
In base 8, what is -300701 + 2?
-300677
In base 5, what is -13042 + -1?
-13043
In base 9, what is -50 - 1553?
-1613
In base 4, what is -113 + -3000?
-3113
In base 5, what is -111414121 + -4?
-111414130
In base 10, what is -90 - -12?
-78
In base 10, what is -1 + 26470?
26469
In base 9, what is 1 - 1464864?
-1464863
In base 11, what is 2 - 2850?
-2849
In base 3, what is -2111200 + -1?
-2111201
In base 9, what is 423 - 334?
78
In base 13, what is 777388 + -2?
777386
In base 3, what is 110000222 - -2?
110001001
In base 14, what is -2d66a + -10?
-2d67a
In base 7, what is 115 - 64140?
-64022
In base 15, what is -20 - -acc?
aac
In base 7, what is 335153 + -25?
335125
In base 5, what is -234 - -1243110?
1242321
In base 9, what is 6 - -32138?
32145
In base 6, what is 55 + -15235?
-15140
In base 9, what is 3 - -16144?
16147
In base 10, what is -19458 - 0?
-19458
In base 2, what is -10011001111 - 110101?
-10100000100
In base 7, what is 2 - 4344544?
-4344542
In base 11, what is -7916 + -4?
-791a
In base 7, what is 4301 + 666?
5300
In base 7, what is -315 + 332?
14
In base 5, what is -2221241 - 1?
-2221242
In base 13, what is 346 - -355?
69b
In base 9, what is 1063167 + -3?
1063164
In base 3, what is 111 + -21121201212?
-21121201101
In base 13, what is -41029 + 2?
-41027
In base 15, what is 5 + 1abd?
1ac3
In base 16, what is 60e - 30?
5de
In base 4, what is -201011033 - 22?
-201011121
In base 2, what is 11 + 10000010001?
10000010100
In base 16, what is -1c - 6a?
-86
In base 2, what is -10111100 + 1000101011?
101101111
In base 15, what is -8605 + 29?
-85cb
In base 2, what is 111110010 + -1101100111?
-101110101
In base 10, what is 1 - 193954?
-193953
In base 3, what is -2202021221101 - -1?
-2202021221100
In base 2, what is -10010 - -10100011110?
10100001100
In base 11, what is 2 - -264a0?
264a2
In base 16, what is 29 + -ca4?
-c7b
In base 7, what is -13211246 + 0?
-13211246
In base 15, what is -233 + -73?
-2a6
In base 10, what is -30 + 9836?
9806
In base 16, what is -727 + ac?
-67b
In base 16, what is 621c0 - -4?
621c4
In base 11, what is 4a - 19642?
-195a3
In base 13, what is 5716 - a2?
5644
In base 11, what is 0 + 13739?
13739
In base 7, what is 54214 + 154?
54401
In base 8, what is 0 - 1275447?
-1275447
In base 10, what is 797 - 185?
612
In base 14, what is 2a + 6b5?
701
In base 14, what is -451 + -1321?
-1772
In base 9, what is 5 - -33?
38
In base 5, what is -11013313 - 11?
-11013324
In base 10, what is -345 - 179?
-524
In base 14, what is 7a913 + -6?
7a90b
In base 10, what is 3226 - 2?
3224
In base 7, what is 30 + 355024?
355054
In base 10, what is 2203047 - -5?
2203052
In base 12, what is -5 + -a5a49?
-a5a52
In base 4, what is 132120201 - 11?
132120130
In base 7, what is -4312 - 304?
-4616
In base 2, what is 101100000 + -100001101101?
-11100001101
In base 7, what is 363 + -632?
-236
In base 16, what is 4da - 8?
4d2
In base 4, what is 121023222 + -21?
121023201
In base 9, what is -241368 + 2?
-241366
In base 9, what is 41 - -3543?
3584
In base 7, what is -5 - -2535260?
2535252
In base 6, what is 14512520 - -2?
14512522
In base 11, what is 202 - 201a?
-1918
In base 5, what is 44 - -311?
410
In base 12, what is 1386 + -21?
1365
In base 16, what is -4 - 1ba7b?
-1ba7f
In base 12, what is -7423 - -4?
-741b
In base 4, what is -122301321 + -2?
-122301323
In base 15, what is -a + 30?
25
In base 4, what is 1 - -1112302?
1112303
In base 16, what is 74ba - 6?
74b4
In base 10, what is -3 - -15725?
15722
In base 16, what is 5 - 5cce?
-5cc9
In base 3, what is 2020001 + -111101?
1201200
In base 11, what is 419 + 30?
449
In base 9, what is -1 + -2243?
-2244
In base 12, what is -16 - -3700?
36a6
In base 7, what is 421356 + 65?
421454
In base 12, what is 526b7 + 5?
52700
In base 6, what is 5 + 141343?
141352
In base 3, what is -1 + 10002212210?
10002212202
In base 10, what is -6973 + 35?
-6938
In base 2, what is -10001101110101 + -10011?
-10001110001000
In base 10, what is -272753 - -7?
-272746
In base 9, what is 32447 - -6?
32454
In base 14, what is 15dc + 1b1?
17ad
In base 13, what is 4 - -63450?
63454
In base 15, what is -2ae8 + -b5?
-2bad
In base 7, what is 2 - -63615?
63620
In base 12, what is -49609 - -5?
-49604
In base 2, what is -1101110 + -110110010010?
-111000000000
In base 4, what is -2121023 + -1?
-2121030
In base 3, what is 212022 - 112?
211210
In base 11, what is -1726 - -2?
-1724
In base 9, what is -1567 + -53?
-1631
In base 14, what is 14aa6 - -3?
14aa9
In base 14, what is -3 - -3d8?
3d5
In base 10, what is -329 - 6118?
-6447
In base 15, what is -58 + 2eb?
293
In base 6, what is 0 + 314000?
314000
In base 3, what is -11 + -21001120010?
-21001120021
In base 15, what is -c1 - -98b?
8ba
In base 11, what is 118 - 7253?
-7136
In base 15, what is -7c - 26?
-a3
In base 15, what is 216965 + 0?
216965
In base 13, what is -21336 - -4?
-21332
In base 4, what is -10023231 + 22?
-10023203
In base 3, what is 11220 + 1211110?
2000100
In base 15, what is 76 - d?
68
In base 12, what is -3b2 + -265b?
-2a51
In base 5, what is -11431104 + -3?
-11431112
In base 13, what is -146 - 59?
-1a2
In base 8, what is 433 + -122?
311
In base 6, what is 10441 + -4302?
2135
In base 6, what is 1 - -141233?
141234
In base 11, what is -29 + 431?
403
In base 8, what is -2 + -3671?
-3673
In base 15, what is 4397b - 2?
43979
In base 10, what is -2 + -44600?
-44602
In base 15, what is -78 + 164d?
15c5
In base 11, what is 4 - -10820?
10824
In base 12, what is -3 - -123b8?
123b5
In base 7, what is 131 - -635?
1066
In base 12, what is -a9 + 470?
383
In base 14, what is 1 + 178c?
178d
In base 3, what is -120021 + -112201?
-1002222
In base 16, what is -2cdd + -4?
-2ce1
In base 12, what is 19 + -1072a?
-10711
In base 9, what is -228 - 20648?
-20877
In base 4, what is -103 + -22222002?
-22222111
In base 15, what is -11 - 105b3?
-105c4
In base 14, what is -37469 - 0?
-37469
In base 7, what is 104 + 3215?
3322
In base 8, what is 472 - 6334?
-5642
In base 4, what is 10222 + 122?
11010
In base 15, what is 7d2 - 19?
7b8
In base 12, what is 209b2 - -3?
209b5
In base 2, what is -110101010000100 + -11?
-110101010000111
In base 15, what is -49 + 9a?
51
In base 12, what is 8 + -1527?
-151b
In base 4, what is 1110 + 2212?
3322
In base 6, what is -23500 - -11?
-23445
In base 2, what is -1010001 - -100001111?
10111110
In base 13, what is -97 - 19b?
-265
In base 3, what is -11 + 2101012002111?
2101012002100
In base 5, what is 203 + 11303?
12011
In base 6, what is 2 - 2240414?
-2240412
In base 3, what is 10 + -12100010212?
-12100010202
In base 4, what is -3 + 123123321?
123123312
In base 2, what is 1111001 + 10101101100?
10111100101
In base 14, what is -6 - da91?
-da97
In base 16, what is 4 - 6af8?
-6af4
In base 6, what is -2421 + -15325?
-22150
In base 8, what is 1012235 + 21?
1012256
In base 11, what is 0 - 78053?
-78053
In base 14, what is -2486 - 16?
-249c
In base 10, what is 890821 - 0?
890821
In base 14, what is -a139 - 5?
-a140
In base 11, what is 95820 + 0?
95820
In base 11, what is -320aa9 + -3?
-321001
In base 6, what is 501312 - -1?
501313
In base 10, what is 212 + 980?
1192
In base 7, what is -21356240 + 1?
-21356236
In base 8, what is 63661 + -3?
63656
In base 14, what is 4 + -1317?
-1313
In base 12, what is -121997 - 0?
-121997
In base 2, what is 110 - -1010000110111111111?
1010000111000000101
In base 13, what is 62c1 - 7?
62b7
In base 4, what is -200 - 3111211?
-3112011
In base 7, what is 4121 - -316?
4440
In ba